 h(-2). Suppose -9*c = -54 - 54. Let t = -2 + c. What is the greatest common divisor of q and t?
2
Let a = 68 + -64. Suppose 0*z + 4*d - 12 = -3*z, a*d = -z - 4. Suppose -5*i = -15, j + i - 5*i = 44. Calculate the highest common factor of z and j.
8
Let g = -317 - -336. What is the highest common factor of 133 and g?
19
Let h(w) = -6*w + 92. Let l be h(13). Let q = -13 + 48. Calculate the highest common factor of q and l.
7
Suppose -4*p + 4*n + 556 = 0, n + 20 = -4*n. Suppose 8*u - 575 = -p. What is the greatest common factor of u and 5?
5
Suppose a = 5*a + 16. Let v be (10/4)/5*-2*1. Let q be (a + 2)*v + 214. What is the highest common divisor of 24 and q?
24
Let a be 216*(-1 + ((-18)/(-4) - 3)). Let m(t) = -3*t - 9. Let f be m(-7). What is the greatest common divisor of f and a?
12
Let a(v) = -56*v - 384. Let g be a(-7). Calculate the highest common divisor of g and 488.
8
Let u be -7 + 44/6 + 443/3. What is the greatest common factor of 8 and u?
4
Let b = -197 - -200. Calculate the greatest common divisor of b and 51.
3
Suppose -24*b - 2058 = -73*b. What is the greatest common divisor of 1344 and b?
42
Suppose -b = 4*v - 8128, 3*v - 1228 = -3*b + 4859. What is the greatest common factor of 19 and v?
19
Suppose 3 = -z, -3*n - 2*z - 1 = -4. Let m be 824/5 - n/(-15). Let j = -55 - -70. Calculate the highest common divisor of m and j.
15
Let p = 30 + -27. Suppose -4*o - p*w + 84 = -7*w, -2*o + 3*w + 39 = 0. Let n be 12 + -1 + -3 + 0. Calculate the highest common factor of o and n.
8
Let k(m) = 231*m - 11. Let j be k(6). Let s = -979 + j. What is the highest common factor of 36 and s?
36
Let p be ((-12)/(-30))/(2 - (-117)/(-60)). Suppose -p = -0*n - 8*n. What is the greatest common divisor of 5 and n?
1
Let f(p) = p + 6. Let l be f(7). Let t be 0 + -3 - 0 - -16. Calculate the greatest common divisor of l and t.
13
Let m(q) = q - 18. Let k be m(21). Let s(g) = -9*g**3 - g**2 + 1. Let n be s(1). Let j be k/(-9) - 210/n. What is the highest common divisor of 207 and j?
23
Let p = -13 - -19. Let o = 128 - 106. Suppose 16 = -2*m - 5*v, m - 4*v - o = -2*m. Calculate the highest common factor of m and p.
2
Suppose 11 = 3*m - 19. Calculate the greatest common factor of 15 and m.
5
Let y be 207/138*(-4784)/(-6). What is the greatest common divisor of y and 13?
13
Let g(d) = -3*d - 3. Let j be g(-4). Suppose -4*i - 6 = 590. Let w = i - -221. What is the greatest common divisor of w and j?
9
Let k be (-20)/2*(-34)/5. Suppose k = c + 3*c. Calculate the highest common divisor of 153 and c.
17
Suppose -z = -j - 36, 4*z + 0*z - 144 = -2*j. Calculate the greatest common divisor of 144 and z.
36
Let t be (12/(-7))/((-60307)/(-20111) - 3). What is the greatest common divisor of t and 17?
17
Let x(k) = -k**2 + 3. Let z be (-81)/(-18)*4/(-3). Let h be x(z). Let c be 10*(-2)/6*h. What is the greatest common divisor of c and 44?
22
Let p be 4/22 - (8 + (-3856)/88). What is the highest common factor of 42 and p?
6
Let n be (-79)/(-5) - (-4)/20. Let b(g) = 2*g. Let d be ((-3)/(-9))/((-2)/(-24)). Let h be b(d). What is the highest common factor of h and n?
8
Suppose d + 2*d - 5*o - 400 = 0, -3*d = 3*o - 384. Suppose y + 8 = 34. Calculate the highest common factor of y and d.
26
Suppose -3 = -t - 7, 12 = 2*g - t. What is the greatest common factor of 212 and g?
4
Let w = -1694 - -1700. Let i(z) = -z + 5. Let b be i(-4). Calculate the highest common factor of b and w.
3
Suppose 4*o - 3*o = 2*s, -12 = -o - 4*s. Suppose q = o*w + w - 131, 4*q = 5*w - 134. Calculate the greatest common divisor of w and 286.
26
Let t be -9 + -2 + 3011 - 10. What is the greatest common factor of t and 65?
65
Let i be (-350)/140*8/(-5) - 0. What is the highest common divisor of 146 and i?
2
Let t = -92 - 57. Let z be (-14)/(-21)*(1 - 716/8). Let c = z - t. Calculate the highest common factor of 10 and c.
10
Suppose -3*x - c = -125, -87 = -2*x - 0*c + 3*c. Let q be ((-153)/(-36) - 2)*1*-4. Let v = q + x. What is the highest common divisor of 3 and v?
3
Suppose -9 = -3*h - 0*h - 3*j, -15 = -5*h - 3*j. Suppose -28 = -5*d - h. Suppose d*p + 5 = 45. What is the highest common factor of 32 and p?
8
Let t be 295/(-2)*96/(-24). What is the greatest common factor of t and 59?
59
Suppose 11*f = 7*f + 2*q + 584, -5*f + 3*q + 732 = 0. Suppose -7*x + 3*x + f = 0. Calculate the greatest common factor of 4 and x.
4
Let x = -145 - -152. What is the highest common factor of 399 and x?
7
Let r be 1/(-6) + 2805/306. What is the greatest common factor of r and 2583?
9
Suppose 0 = 5*n + 25, -2*b + 0 = 5*n + 7. Suppose 3*h - 324 = -9*h. Calculate the greatest common divisor of h and b.
9
Suppose 5*o = 3*q + 5634, 3*o - 3*q - 1332 = 2052. What is the greatest common divisor of o and 25?
25
Suppose 16*g + 2*g = 90. What is the greatest common factor of 10 and g?
5
Suppose 0 = 5*r - 3*p - 24, 5*r + 0 = -4*p + 38. Suppose j + 65 = r*j. Let n be (-2)/(-2) - 3*-4. Calculate the highest common divisor of j and n.
13
Suppose 3*z + 3*w = 3453, -3*z + 2037 = -2*w - 1391. Calculate the highest common factor of 6 and z.
6
Suppose -l + 5*m + 125 = 0, 2*m = 5*l - l - 428. Suppose 6*u - 32 = 94. Calculate the highest common divisor of l and u.
21
Let v(c) = -c**3 - 10*c**2 - 24*c + 16. Let a be v(-5). Suppose -2*j + 106 = -4*z, -2*j - 3*z + 223 = 2*j. What is the greatest common divisor of a and j?
11
Let w(b) = b**3 - b**2 + 5*b - 3. Let h be w(3). Suppose 3*f + 9 = h. Suppose 3*d - 47 = -5*s, -d = -2 - 2. Calculate the highest common factor of f and s.
7
Let v(t) = t**2 + 3*t - 6. Let x be v(-6). Suppose q + 4*q - 25 = 0. Suppose 0 = 8*g - q*g - 18. Calculate the greatest common factor of x and g.
6
Let j = 17 + -15. Suppose -j*h + 46 = 3*r, 4*h - 69 = h + 4*r. Calculate the greatest common factor of 207 and h.
23
Suppose 5*l - 3*l = 442. What is the highest common factor of 13 and l?
13
Suppose b = -b - 5*d + 400, 618 = 3*b + 3*d. Let y = -9 - -39. What is the highest common factor of y and b?
30
Let l be (-33)/55 - (-13)/5. Suppose 4*o - 42 = -l. Suppose -3*c + 76 = -4*u, -2*c - u - o = -57. Calculate the greatest common factor of c and 4.
4
Let t(c) = -c**2 + 99. Let q = 8 - 8. Let m be t(q). What is the highest common factor of 11 and m?
11
Suppose -h = 3*z - 7 - 5, 0 = 5*h. Suppose 0 = -3*x + 2*w + 18, -3*w = -z*x + x + 18. What is the highest common factor of 2 and x?
2
Let j be 130/((-10)/(-8) + (-33)/(-44)). Calculate the highest common factor of j and 39.
13
Let h = 6 - 10. Let f = h + 10. Suppose 0 = -f*s + 4*s + 2. What is the highest common factor of s and 8?
1
Suppose 11*g = 14*g - 168. What is the greatest common factor of 7 and g?
7
Suppose 2*j - 24 = 36. Let n be 6/4*25*(0 + 2). What is the greatest common factor of j and n?
15
Suppose -21*f = 28 - 112. Calculate the greatest common factor of 1 and f.
1
Let r(d) be the first derivative of -d**3/3 + 3*d**2 - 3*d - 21. Suppose -2*m + 8 = -2. Let a be r(m). What is the highest common factor of a and 1?
1
Let m(x) = -x**3 + 3*x**2 - x - 2. Let r be m(2). Suppose 3*k + p - 73 = r, 129 = 4*k + p + 30. What is the highest common factor of k and 208?
26
Suppose -4*a + 61 = -n - 4*n, 9 = a + 5*n. Calculate the highest common divisor of 686 and a.
14
Let p = 4301 + -2825. What is the highest common divisor of p and 36?
36
Let m be 3/(-4*2/(-80)). Suppose 5*i + 4*u - 80 = 0, 0 = -2*i + 6*i + 2*u - 58. Calculate the highest common factor of m and i.
6
Let o be (-19)/((2 - 4)/2). Calculate the highest common divisor of o and 437.
19
Let k(v) = v + 6. Let b be k(-8). Let d be (-39)/6*b + 2. Let r be (425/d)/((-1)/(-3)). What is the greatest common divisor of 17 and r?
17
Let c(i) = 4*i**2 + 9*i. Let p be c(3). What is the highest common divisor of 21 and p?
21
Let y(u) = u**2 + 5*u - 2. Let t(o) = -o. Let c(k) = t(k) - y(k). Let v = 8 - 14. Let g be c(v). Calculate the greatest common divisor of 8 and g.
2
Let u be 3*2/(-6)*2. Let g = -2 - u. Suppose b = -4*i + 35, -3*i + 2*b - 3*b + 25 = g. What is the highest common factor of i and 110?
10
Let i = 1124 - 1123. Let b be 74/8 - (-3)/(-12). What is the greatest common factor of b and i?
1
Let c(d) = -2*d**2 - 13*d + 6. Let x(h) = 3*h**2 + 13*h - 5. Let q(g) = -4*c(g) - 3*x(g). Let o be q(3). Calculate the highest common fa